{"id":464,"date":"2019-06-21T11:02:29","date_gmt":"2019-06-21T09:02:29","guid":{"rendered":"http:\/\/club-nautique-pyreneen.fr\/?page_id=464"},"modified":"2019-06-21T16:10:04","modified_gmt":"2019-06-21T14:10:04","slug":"voile-vrc","status":"publish","type":"page","link":"https:\/\/club-nautique-pyreneen.fr\/index.php\/voile-vrc\/","title":{"rendered":"Voile VRC"},"content":{"rendered":"<p>Le 10\u00a0F\u00e9vrier\u00a0une rencontre voile\u00a0VRC\u00a0OPEN \u00e9tait organis\u00e9e sur le lac du\u00a0Gabas, vers\u00a012h30\u00a0un\u00a0coup\u00a0de vent accompagn\u00e9 d\u2019une pluie forte a entra\u00een\u00e9 un repli strat\u00e9gique dans les locaux du club pour un pot en commun ainsi que le repas.<br \/>\nLe vent et la pluie ne s\u2019\u00e9tant pas\u00a0calm\u00e9e\u00a0l\u2019apr\u00e8s-midi a \u00e9t\u00e9 consacr\u00e9e aux discussions techniques sur la\u00a0VRC\u00a0et l\u2019organisation de futurs rendez vous.<br \/>\nMerci aux clubs de\u00a0THEZE, St\u00a0PEE\u00a0sur\u00a0NIVELLE,\u00a0RC\u00a0LOURDAIS et aux membres du club pour leur pr\u00e9sence.<\/p>\n<div id=\"attachment_381\" style=\"width: 235px\" class=\"wp-caption alignnone\"><img loading=\"lazy\" decoding=\"async\" aria-describedby=\"caption-attachment-381\" class=\"size-medium wp-image-381\" src=\"https:\/\/club-nautique-pyreneen.fr\/wp-content\/uploads\/2019\/05\/20190210_124620-e1556991784852-225x300.jpg\" alt=\"\" width=\"225\" height=\"300\" srcset=\"https:\/\/club-nautique-pyreneen.fr\/wp-content\/uploads\/2019\/05\/20190210_124620-e1556991784852-225x300.jpg 225w, https:\/\/club-nautique-pyreneen.fr\/wp-content\/uploads\/2019\/05\/20190210_124620-e1556991784852-768x1024.jpg 768w\" sizes=\"auto, (max-width: 225px) 100vw, 225px\" \/><p id=\"caption-attachment-381\" class=\"wp-caption-text\">D\u00e9tente<\/p><\/div>\n<div id=\"attachment_380\" style=\"width: 310px\" class=\"wp-caption alignnone\"><img loading=\"lazy\" decoding=\"async\" aria-describedby=\"caption-attachment-380\" class=\"size-medium wp-image-380\" src=\"https:\/\/club-nautique-pyreneen.fr\/wp-content\/uploads\/2019\/05\/IMG_8055-300x225.jpg\" alt=\"\" width=\"300\" height=\"225\" srcset=\"https:\/\/club-nautique-pyreneen.fr\/wp-content\/uploads\/2019\/05\/IMG_8055-300x225.jpg 300w, https:\/\/club-nautique-pyreneen.fr\/wp-content\/uploads\/2019\/05\/IMG_8055-768x576.jpg 768w, https:\/\/club-nautique-pyreneen.fr\/wp-content\/uploads\/2019\/05\/IMG_8055-1024x768.jpg 1024w, https:\/\/club-nautique-pyreneen.fr\/wp-content\/uploads\/2019\/05\/IMG_8055.jpg 2048w\" sizes=\"auto, (max-width: 300px) 100vw, 300px\" \/><p id=\"caption-attachment-380\" class=\"wp-caption-text\">Tous \u00e0 l&rsquo;eau<\/p><\/div>\n<div id=\"attachment_379\" style=\"width: 310px\" class=\"wp-caption alignnone\"><img loading=\"lazy\" decoding=\"async\" aria-describedby=\"caption-attachment-379\" class=\"size-medium wp-image-379\" src=\"https:\/\/club-nautique-pyreneen.fr\/wp-content\/uploads\/2019\/05\/IMG_8047-300x225.jpg\" alt=\"\" width=\"300\" height=\"225\" srcset=\"https:\/\/club-nautique-pyreneen.fr\/wp-content\/uploads\/2019\/05\/IMG_8047-300x225.jpg 300w, https:\/\/club-nautique-pyreneen.fr\/wp-content\/uploads\/2019\/05\/IMG_8047-768x576.jpg 768w, https:\/\/club-nautique-pyreneen.fr\/wp-content\/uploads\/2019\/05\/IMG_8047-1024x768.jpg 1024w, https:\/\/club-nautique-pyreneen.fr\/wp-content\/uploads\/2019\/05\/IMG_8047.jpg 2048w\" sizes=\"auto, (max-width: 300px) 100vw, 300px\" \/><p id=\"caption-attachment-379\" class=\"wp-caption-text\">Avant les rafales<\/p><\/div>\n","protected":false},"excerpt":{"rendered":"<p>Le 10\u00a0F\u00e9vrier\u00a0une rencontre voile\u00a0VRC\u00a0OPEN \u00e9tait organis\u00e9e sur le lac du\u00a0Gabas, vers\u00a012h30\u00a0un\u00a0coup\u00a0de vent accompagn\u00e9 d\u2019une pluie forte a entra\u00een\u00e9 un repli strat\u00e9gique dans les locaux du club pour un pot en <a class=\"more-link\" href=\"https:\/\/club-nautique-pyreneen.fr\/index.php\/voile-vrc\/\">Continue Reading &rarr;<\/a><\/p>\n","protected":false},"author":4,"featured_media":0,"parent":0,"menu_order":0,"comment_status":"closed","ping_status":"closed","template":"","meta":{"footnotes":""},"class_list":["post-464","page","type-page","status-publish","hentry"],"_links":{"self":[{"href":"https:\/\/club-nautique-pyreneen.fr\/index.php\/wp-json\/wp\/v2\/pages\/464","targetHints":{"allow":["GET"]}}],"collection":[{"href":"https:\/\/club-nautique-pyreneen.fr\/index.php\/wp-json\/wp\/v2\/pages"}],"about":[{"href":"https:\/\/club-nautique-pyreneen.fr\/index.php\/wp-json\/wp\/v2\/types\/page"}],"author":[{"embeddable":true,"href":"https:\/\/club-nautique-pyreneen.fr\/index.php\/wp-json\/wp\/v2\/users\/4"}],"replies":[{"embeddable":true,"href":"https:\/\/club-nautique-pyreneen.fr\/index.php\/wp-json\/wp\/v2\/comments?post=464"}],"version-history":[{"count":1,"href":"https:\/\/club-nautique-pyreneen.fr\/index.php\/wp-json\/wp\/v2\/pages\/464\/revisions"}],"predecessor-version":[{"id":465,"href":"https:\/\/club-nautique-pyreneen.fr\/index.php\/wp-json\/wp\/v2\/pages\/464\/revisions\/465"}],"wp:attachment":[{"href":"https:\/\/club-nautique-pyreneen.fr\/index.php\/wp-json\/wp\/v2\/media?parent=464"}],"curies":[{"name":"wp","href":"https:\/\/api.w.org\/{rel}","templated":true}]}}