{"id":15,"date":"2018-02-25T18:07:21","date_gmt":"2018-02-25T17:07:21","guid":{"rendered":"http:\/\/club-nautique-pyreneen.fr\/wp\/?page_id=15"},"modified":"2025-04-07T13:18:17","modified_gmt":"2025-04-07T11:18:17","slug":"lecole-de-voile","status":"publish","type":"page","link":"https:\/\/club-nautique-pyreneen.fr\/index.php\/lecole-de-voile\/","title":{"rendered":"L&rsquo;\u00e9cole de voile"},"content":{"rendered":"<p>&nbsp;<\/p>\n<p>&nbsp;<\/p>\n<p><strong>Le<\/strong><strong>s cycles d\u2019automne et de printemps <\/strong> proposent, \u00e0 tous, une vingtaine de s\u00e9ances <strong>le samedi ap<\/strong><strong>r\u00e8s mi<\/strong><strong>di<\/strong>.<\/p>\n<p>&nbsp;<\/p>\n<p style=\"text-align: center;\"><a href=\"https:\/\/club-nautique-pyreneen.fr\/wp-content\/uploads\/2025\/04\/PROGRAMME-EDS-2025.pdf\">PROGRAMME EDS 2025<\/a><\/p>\n<p>Ces cours et animations sont encadr\u00e9s par des moniteurs et animateurs voiles qualifi\u00e9s et dipl\u00f4m\u00e9s par la F\u00e9d\u00e9ration Fran\u00e7aise de Voile (BE, CQPAMV). L\u2019objectif des cycles est de permettre aux jeunes d\u00e9butants ou confirm\u00e9s, jeunes ou adultes, d\u2019\u00eatre encadr\u00e9s avec un suivi assurant une progression. Les participants ont le choix parmi les nombreux supports de la flotte du CNP en fonction de leur \u00e2ge, de leur niveau, de leur choix\u00a0.<\/p>\n<p>Pour les adultes c\u2019est l\u2019occasion de pratiquer la navigation en autonomie ou pour les d\u00e9butants de s\u2019inscrire \u00e0 une formation pour obtenir un Niveau 1 puis 2 pour tendre vers l\u2019autonomie.<\/p>\n<p>&nbsp;<\/p>\n<p>Renseignements et inscriptions \u00e0 la base du CNP le samedi apr\u00e8s midi d\u00e8s 13h30 ou en semaine par tel au <strong>05 59 21 96 50 ou 06 52 16 84 74 <\/strong> ( Laissez un message avec vos coordonn\u00e9es en cas d\u2019absence)<\/p>\n<p>Vous pr\u00e9f\u00e9rez peut-\u00eatre un stage plus concentr\u00e9, sur plusieurs demi journ\u00e9es ou une semaine compl\u00e8te\u00a0? Essayez nos <strong>stages vacances scolaires ou stages d\u2019\u00e9t\u00e9.<\/strong> \u00a0Renseignements, inscriptions et r\u00e9servations au\u00a0: 06 52 16 84 74<\/p>\n<p><img loading=\"lazy\" decoding=\"async\" class=\"alignnone size-large wp-image-22117 aligncenter\" src=\"https:\/\/club-nautique-pyreneen.fr\/wp-content\/uploads\/2025\/04\/20230419_121952-1024x768.jpg\" alt=\"\" width=\"678\" height=\"509\" srcset=\"https:\/\/club-nautique-pyreneen.fr\/wp-content\/uploads\/2025\/04\/20230419_121952-1024x768.jpg 1024w, https:\/\/club-nautique-pyreneen.fr\/wp-content\/uploads\/2025\/04\/20230419_121952-300x225.jpg 300w, https:\/\/club-nautique-pyreneen.fr\/wp-content\/uploads\/2025\/04\/20230419_121952-768x576.jpg 768w, https:\/\/club-nautique-pyreneen.fr\/wp-content\/uploads\/2025\/04\/20230419_121952-1536x1152.jpg 1536w, https:\/\/club-nautique-pyreneen.fr\/wp-content\/uploads\/2025\/04\/20230419_121952-2048x1536.jpg 2048w\" sizes=\"auto, (max-width: 678px) 100vw, 678px\" \/><\/p>\n","protected":false},"excerpt":{"rendered":"<p>&nbsp; &nbsp; Les cycles d\u2019automne et de printemps proposent, \u00e0 tous, une vingtaine de s\u00e9ances le samedi apr\u00e8s midi. &nbsp; PROGRAMME EDS 2025 Ces cours et animations sont encadr\u00e9s par <a class=\"more-link\" href=\"https:\/\/club-nautique-pyreneen.fr\/index.php\/lecole-de-voile\/\">Continue Reading &rarr;<\/a><\/p>\n","protected":false},"author":1,"featured_media":0,"parent":0,"menu_order":0,"comment_status":"closed","ping_status":"closed","template":"","meta":{"footnotes":""},"class_list":["post-15","page","type-page","status-publish","hentry"],"_links":{"self":[{"href":"https:\/\/club-nautique-pyreneen.fr\/index.php\/wp-json\/wp\/v2\/pages\/15","targetHints":{"allow":["GET"]}}],"collection":[{"href":"https:\/\/club-nautique-pyreneen.fr\/index.php\/wp-json\/wp\/v2\/pages"}],"about":[{"href":"https:\/\/club-nautique-pyreneen.fr\/index.php\/wp-json\/wp\/v2\/types\/page"}],"author":[{"embeddable":true,"href":"https:\/\/club-nautique-pyreneen.fr\/index.php\/wp-json\/wp\/v2\/users\/1"}],"replies":[{"embeddable":true,"href":"https:\/\/club-nautique-pyreneen.fr\/index.php\/wp-json\/wp\/v2\/comments?post=15"}],"version-history":[{"count":10,"href":"https:\/\/club-nautique-pyreneen.fr\/index.php\/wp-json\/wp\/v2\/pages\/15\/revisions"}],"predecessor-version":[{"id":22119,"href":"https:\/\/club-nautique-pyreneen.fr\/index.php\/wp-json\/wp\/v2\/pages\/15\/revisions\/22119"}],"wp:attachment":[{"href":"https:\/\/club-nautique-pyreneen.fr\/index.php\/wp-json\/wp\/v2\/media?parent=15"}],"curies":[{"name":"wp","href":"https:\/\/api.w.org\/{rel}","templated":true}]}}