{"id":13,"date":"2018-02-25T18:06:52","date_gmt":"2018-02-25T17:06:52","guid":{"rendered":"http:\/\/club-nautique-pyreneen.fr\/wp\/?page_id=13"},"modified":"2021-04-17T20:47:45","modified_gmt":"2021-04-17T18:47:45","slug":"presentation-du-club-nautique-pyreneen","status":"publish","type":"page","link":"https:\/\/club-nautique-pyreneen.fr\/index.php\/presentation-du-club-nautique-pyreneen\/","title":{"rendered":"Pr\u00e9sentation du Club Nautique Pyr\u00e9n\u00e9en"},"content":{"rendered":"<p>Le Club Nautique Pyr\u00e9n\u00e9en a \u00e9t\u00e9 fond\u00e9 en 1968 : cr\u00e9ation d&rsquo;une association (loi 1901) pour le d\u00e9veloppement de la navigation \u00e0 voile dans le B\u00e9arn et PAU principalement sur un plan d&rsquo;eau de 3 hectares, une gravi\u00e8re, appartenant \u00e0 la commune de Laroin et exploit\u00e9e \u00e0 l&rsquo;\u00e9poque par les carri\u00e8res de la famille Daniel de Lescar.<\/p>\n<div id=\"attachment_156\" style=\"width: 688px\" class=\"wp-caption aligncenter\"><img loading=\"lazy\" decoding=\"async\" aria-describedby=\"caption-attachment-156\" class=\"wp-image-156 size-large\" src=\"https:\/\/club-nautique-pyreneen.fr\/wp-content\/uploads\/2018\/05\/AncienCNP-1024x677.jpg\" alt=\"\" width=\"678\" height=\"448\" srcset=\"https:\/\/club-nautique-pyreneen.fr\/wp-content\/uploads\/2018\/05\/AncienCNP-1024x677.jpg 1024w, https:\/\/club-nautique-pyreneen.fr\/wp-content\/uploads\/2018\/05\/AncienCNP-300x198.jpg 300w, https:\/\/club-nautique-pyreneen.fr\/wp-content\/uploads\/2018\/05\/AncienCNP-768x508.jpg 768w\" sizes=\"auto, (max-width: 678px) 100vw, 678px\" \/><p id=\"caption-attachment-156\" class=\"wp-caption-text\">La planche \u00e0 voile dans les ann\u00e9es 80 au lac de Laroin<\/p><\/div>\n<p>Depuis 2009, son activit\u00e9 a \u00e9t\u00e9 transf\u00e9r\u00e9e sur les lacs du Gabas (<a href=\"https:\/\/youtu.be\/v2t7HcCaJCE\" target=\"_blank\" rel=\"noopener\">vid\u00e9o du site ici)<\/a><\/p>\n<div id=\"attachment_1059\" style=\"width: 435px\" class=\"wp-caption aligncenter\"><img loading=\"lazy\" decoding=\"async\" aria-describedby=\"caption-attachment-1059\" class=\"wp-image-1059\" src=\"https:\/\/club-nautique-pyreneen.fr\/wp-content\/uploads\/2021\/04\/Resize-of-IMAG1395.jpg\" alt=\"\" width=\"425\" height=\"321\" \/><p id=\"caption-attachment-1059\" class=\"wp-caption-text\">Premi\u00e8res navigations fin 2009<\/p><\/div>\n<div id=\"attachment_1058\" style=\"width: 444px\" class=\"wp-caption aligncenter\"><img loading=\"lazy\" decoding=\"async\" aria-describedby=\"caption-attachment-1058\" class=\"wp-image-1058\" src=\"https:\/\/club-nautique-pyreneen.fr\/wp-content\/uploads\/2021\/04\/Resize-of-IMAG1455.jpg\" alt=\"\" width=\"434\" height=\"327\" srcset=\"https:\/\/club-nautique-pyreneen.fr\/wp-content\/uploads\/2021\/04\/Resize-of-IMAG1455.jpg 800w, https:\/\/club-nautique-pyreneen.fr\/wp-content\/uploads\/2021\/04\/Resize-of-IMAG1455-300x225.jpg 300w, https:\/\/club-nautique-pyreneen.fr\/wp-content\/uploads\/2021\/04\/Resize-of-IMAG1455-768x576.jpg 768w\" sizes=\"auto, (max-width: 434px) 100vw, 434px\" \/><p id=\"caption-attachment-1058\" class=\"wp-caption-text\">Premi\u00e8res navigations fin 2009<\/p><\/div>\n<p>La structure, gr\u00e2ce au support des collectivit\u00e9s, s&rsquo;est d\u00e9velopp\u00e9e pour atteindre un effectif d&rsquo;environ 150 membres, et une activit\u00e9 correspondant \u00e0 plusieurs milliers d&#8217;embarquements par an. Elle est la premi\u00e8re \u00e9cole de voile sportive des Pyr\u00e9n\u00e9es Atlantiques en terme d&rsquo;effectif et constitue un des 1ers p\u00f4les handivoile de la r\u00e9gion Nouvelle Aquitaine.<\/p>\n<div id=\"attachment_1062\" style=\"width: 385px\" class=\"wp-caption aligncenter\"><img loading=\"lazy\" decoding=\"async\" aria-describedby=\"caption-attachment-1062\" class=\"wp-image-1062\" src=\"https:\/\/club-nautique-pyreneen.fr\/wp-content\/uploads\/2021\/04\/IMG_1904-768x1024.jpg\" alt=\"\" width=\"375\" height=\"498\" \/><p id=\"caption-attachment-1062\" class=\"wp-caption-text\">Animation handivalide<\/p><\/div>\n<div id=\"attachment_1066\" style=\"width: 688px\" class=\"wp-caption aligncenter\"><img loading=\"lazy\" decoding=\"async\" aria-describedby=\"caption-attachment-1066\" class=\"wp-image-1066 size-large\" src=\"https:\/\/club-nautique-pyreneen.fr\/wp-content\/uploads\/2021\/04\/IMG_2347pte-1024x682.jpg\" alt=\"\" width=\"678\" height=\"452\" srcset=\"https:\/\/club-nautique-pyreneen.fr\/wp-content\/uploads\/2021\/04\/IMG_2347pte-1024x682.jpg 1024w, https:\/\/club-nautique-pyreneen.fr\/wp-content\/uploads\/2021\/04\/IMG_2347pte-300x200.jpg 300w, https:\/\/club-nautique-pyreneen.fr\/wp-content\/uploads\/2021\/04\/IMG_2347pte-768x512.jpg 768w, https:\/\/club-nautique-pyreneen.fr\/wp-content\/uploads\/2021\/04\/IMG_2347pte-1536x1024.jpg 1536w, https:\/\/club-nautique-pyreneen.fr\/wp-content\/uploads\/2021\/04\/IMG_2347pte.jpg 2000w\" sizes=\"auto, (max-width: 678px) 100vw, 678px\" \/><p id=\"caption-attachment-1066\" class=\"wp-caption-text\">R\u00e9gate sur le lac du Gabas<\/p><\/div>\n<div id=\"attachment_1068\" style=\"width: 684px\" class=\"wp-caption aligncenter\"><img loading=\"lazy\" decoding=\"async\" aria-describedby=\"caption-attachment-1068\" class=\"wp-image-1068\" src=\"https:\/\/club-nautique-pyreneen.fr\/wp-content\/uploads\/2021\/04\/PXL_20210413_134331205-1.jpg\" alt=\"\" width=\"674\" height=\"508\" \/><p id=\"caption-attachment-1068\" class=\"wp-caption-text\">Sans oublier les nouveaux supports<\/p><\/div>\n<p><img loading=\"lazy\" decoding=\"async\" class=\"size-large wp-image-147 aligncenter\" src=\"https:\/\/club-nautique-pyreneen.fr\/wp\/wp-content\/uploads\/2018\/05\/P1030730-1024x576.jpg\" alt=\"\" width=\"678\" height=\"381\" srcset=\"https:\/\/club-nautique-pyreneen.fr\/wp-content\/uploads\/2018\/05\/P1030730-1024x576.jpg 1024w, https:\/\/club-nautique-pyreneen.fr\/wp-content\/uploads\/2018\/05\/P1030730-300x169.jpg 300w, https:\/\/club-nautique-pyreneen.fr\/wp-content\/uploads\/2018\/05\/P1030730-768x432.jpg 768w\" sizes=\"auto, (max-width: 678px) 100vw, 678px\" \/><\/p>\n<p>Situ\u00e9 au centre du triangle Pau-Tarbes-Lourdes, l&rsquo;association a mis en place des partenariats sur les deux d\u00e9partements et r\u00e9gions dans le cadre de l&rsquo;accueil de scolaires, personnes atteintes de handicaps, centres de loisirs et activit\u00e9s sportives.<\/p>\n<p><img loading=\"lazy\" decoding=\"async\" class=\"size-large wp-image-157 aligncenter\" src=\"https:\/\/club-nautique-pyreneen.fr\/wp\/wp-content\/uploads\/2018\/05\/P1030705-1024x576.jpg\" alt=\"\" width=\"678\" height=\"381\" srcset=\"https:\/\/club-nautique-pyreneen.fr\/wp-content\/uploads\/2018\/05\/P1030705-1024x576.jpg 1024w, https:\/\/club-nautique-pyreneen.fr\/wp-content\/uploads\/2018\/05\/P1030705-300x169.jpg 300w, https:\/\/club-nautique-pyreneen.fr\/wp-content\/uploads\/2018\/05\/P1030705-768x432.jpg 768w\" sizes=\"auto, (max-width: 678px) 100vw, 678px\" \/><\/p>\n","protected":false},"excerpt":{"rendered":"<p>Le Club Nautique Pyr\u00e9n\u00e9en a \u00e9t\u00e9 fond\u00e9 en 1968 : cr\u00e9ation d&rsquo;une association (loi 1901) pour le d\u00e9veloppement de la navigation \u00e0 voile dans le B\u00e9arn et PAU principalement sur <a class=\"more-link\" href=\"https:\/\/club-nautique-pyreneen.fr\/index.php\/presentation-du-club-nautique-pyreneen\/\">Continue Reading &rarr;<\/a><\/p>\n","protected":false},"author":1,"featured_media":0,"parent":0,"menu_order":0,"comment_status":"closed","ping_status":"closed","template":"","meta":{"footnotes":""},"class_list":["post-13","page","type-page","status-publish","hentry"],"_links":{"self":[{"href":"https:\/\/club-nautique-pyreneen.fr\/index.php\/wp-json\/wp\/v2\/pages\/13","targetHints":{"allow":["GET"]}}],"collection":[{"href":"https:\/\/club-nautique-pyreneen.fr\/index.php\/wp-json\/wp\/v2\/pages"}],"about":[{"href":"https:\/\/club-nautique-pyreneen.fr\/index.php\/wp-json\/wp\/v2\/types\/page"}],"author":[{"embeddable":true,"href":"https:\/\/club-nautique-pyreneen.fr\/index.php\/wp-json\/wp\/v2\/users\/1"}],"replies":[{"embeddable":true,"href":"https:\/\/club-nautique-pyreneen.fr\/index.php\/wp-json\/wp\/v2\/comments?post=13"}],"version-history":[{"count":15,"href":"https:\/\/club-nautique-pyreneen.fr\/index.php\/wp-json\/wp\/v2\/pages\/13\/revisions"}],"predecessor-version":[{"id":1079,"href":"https:\/\/club-nautique-pyreneen.fr\/index.php\/wp-json\/wp\/v2\/pages\/13\/revisions\/1079"}],"wp:attachment":[{"href":"https:\/\/club-nautique-pyreneen.fr\/index.php\/wp-json\/wp\/v2\/media?parent=13"}],"curies":[{"name":"wp","href":"https:\/\/api.w.org\/{rel}","templated":true}]}}